{"id":400,"date":"2021-07-12T13:14:07","date_gmt":"2021-07-12T13:14:07","guid":{"rendered":"https:\/\/www.dasgoexl.at\/?page_id=400"},"modified":"2022-11-21T18:54:39","modified_gmt":"2022-11-21T18:54:39","slug":"kontakt","status":"publish","type":"page","link":"https:\/\/www.dasgoexl.at\/index.php\/kontakt\/","title":{"rendered":"Kontakt"},"content":{"rendered":"\t\t<div data-elementor-type=\"wp-page\" data-elementor-id=\"400\" class=\"elementor elementor-400\" data-elementor-post-type=\"page\">\n\t\t\t\t\t\t\t\t\t<section class=\"elementor-section elementor-top-section elementor-element elementor-element-55315559 elementor-section-stretched elementor-section-full_width elementor-reverse-tablet elementor-reverse-mobile elementor-section-height-default elementor-section-height-default\" data-id=\"55315559\" data-element_type=\"section\" data-settings=\"{&quot;stretch_section&quot;:&quot;section-stretched&quot;}\">\n\t\t\t\t\t\t<div class=\"elementor-container elementor-column-gap-no\">\n\t\t\t\t\t<div class=\"elementor-column elementor-col-50 elementor-top-column elementor-element elementor-element-7e987ded\" data-id=\"7e987ded\" data-element_type=\"column\">\n\t\t\t<div class=\"elementor-widget-wrap elementor-element-populated\">\n\t\t\t\t\t\t\t\t<div class=\"elementor-element elementor-element-48d57407 elementor-widget elementor-widget-heading\" data-id=\"48d57407\" data-element_type=\"widget\" data-widget_type=\"heading.default\">\n\t\t\t\t<div class=\"elementor-widget-container\">\n\t\t\t<h2 class=\"elementor-heading-title elementor-size-default\">Kontakt<\/h2>\t\t<\/div>\n\t\t\t\t<\/div>\n\t\t\t\t<div class=\"elementor-element elementor-element-5d21cb94 elementor-widget elementor-widget-text-editor\" data-id=\"5d21cb94\" data-element_type=\"widget\" data-widget_type=\"text-editor.default\">\n\t\t\t\t<div class=\"elementor-widget-container\">\n\t\t\t\t\t\t\t<p>Haben Sie ein Anliegen oder eine Frage?<\/p><p>Wir nehmen uns gerne Zeit f\u00fcr Sie!<\/p><p>Du erreichst uns telefonisch unter<br \/>TEL: <a href=\"tel:+4313304217\">+43 1 330 42 17<\/a><\/p>\t\t\t\t\t\t<\/div>\n\t\t\t\t<\/div>\n\t\t\t\t\t<\/div>\n\t\t<\/div>\n\t\t\t\t<div class=\"elementor-column elementor-col-50 elementor-top-column elementor-element elementor-element-705b904d\" data-id=\"705b904d\" data-element_type=\"column\">\n\t\t\t<div class=\"elementor-widget-wrap elementor-element-populated\">\n\t\t\t\t\t\t\t\t<div class=\"elementor-element elementor-element-5fc490fe elementor-widget elementor-widget-image\" data-id=\"5fc490fe\" data-element_type=\"widget\" data-widget_type=\"image.default\">\n\t\t\t\t<div class=\"elementor-widget-container\">\n\t\t\t\t\t\t\t\t\t\t\t\t\t\t\t<img fetchpriority=\"high\" decoding=\"async\" width=\"1120\" height=\"780\" src=\"https:\/\/www.dasgoexl.at\/wp-content\/uploads\/2021\/07\/dasGoexl-Innenansicht.jpg\" class=\"attachment-full size-full wp-image-413\" alt=\"\" srcset=\"https:\/\/www.dasgoexl.at\/wp-content\/uploads\/2021\/07\/dasGoexl-Innenansicht.jpg 1120w, https:\/\/www.dasgoexl.at\/wp-content\/uploads\/2021\/07\/dasGoexl-Innenansicht-300x209.jpg 300w, https:\/\/www.dasgoexl.at\/wp-content\/uploads\/2021\/07\/dasGoexl-Innenansicht-1024x713.jpg 1024w, https:\/\/www.dasgoexl.at\/wp-content\/uploads\/2021\/07\/dasGoexl-Innenansicht-768x535.jpg 768w\" sizes=\"(max-width: 1120px) 100vw, 1120px\" style=\"width:100%;height:69.64%;max-width:1120px\" \/>\t\t\t\t\t\t\t\t\t\t\t\t\t\t\t<\/div>\n\t\t\t\t<\/div>\n\t\t\t\t\t<\/div>\n\t\t<\/div>\n\t\t\t\t\t\t\t<\/div>\n\t\t<\/section>\n\t\t\t\t<section class=\"elementor-section elementor-top-section elementor-element elementor-element-28f2197a elementor-section-stretched elementor-section-full_width elementor-section-height-default elementor-section-height-default\" data-id=\"28f2197a\" data-element_type=\"section\" data-settings=\"{&quot;stretch_section&quot;:&quot;section-stretched&quot;}\">\n\t\t\t\t\t\t<div class=\"elementor-container elementor-column-gap-no\">\n\t\t\t\t\t<div class=\"elementor-column elementor-col-100 elementor-top-column elementor-element elementor-element-31cc134\" data-id=\"31cc134\" data-element_type=\"column\">\n\t\t\t<div class=\"elementor-widget-wrap elementor-element-populated\">\n\t\t\t\t\t\t\t\t<div class=\"elementor-element elementor-element-e4c5e0b elementor-widget elementor-widget-google_maps\" data-id=\"e4c5e0b\" data-element_type=\"widget\" data-widget_type=\"google_maps.default\">\n\t\t\t\t<div class=\"elementor-widget-container\">\n\t\t\t\t\t<div class=\"elementor-custom-embed\">\n\t\t\t<iframe loading=\"lazy\"\n\t\t\t\t\tsrc=\"https:\/\/maps.google.com\/maps?q=Wallensteinstra%C3%9Fe%2048%2C%201200%20wien&#038;t=m&#038;z=16&#038;output=embed&#038;iwloc=near\"\n\t\t\t\t\ttitle=\"Wallensteinstra\u00dfe 48, 1200 wien\"\n\t\t\t\t\taria-label=\"Wallensteinstra\u00dfe 48, 1200 wien\"\n\t\t\t><\/iframe>\n\t\t<\/div>\n\t\t\t\t<\/div>\n\t\t\t\t<\/div>\n\t\t\t\t<div class=\"elementor-element elementor-element-7f9c91dc elementor-widget__width-initial elementor-absolute elementor-widget elementor-widget-image\" data-id=\"7f9c91dc\" data-element_type=\"widget\" data-settings=\"{&quot;_position&quot;:&quot;absolute&quot;}\" data-widget_type=\"image.default\">\n\t\t\t\t<div class=\"elementor-widget-container\">\n\t\t\t\t\t\t\t\t\t\t\t\t\t\t\t<img decoding=\"async\" width=\"83\" height=\"85\" src=\"https:\/\/www.dasgoexl.at\/wp-content\/uploads\/2021\/06\/shape-10.png\" class=\"attachment-large size-large wp-image-22\" alt=\"\" style=\"width:100%;height:102.41%;max-width:83px\" \/>\t\t\t\t\t\t\t\t\t\t\t\t\t\t\t<\/div>\n\t\t\t\t<\/div>\n\t\t\t\t\t<\/div>\n\t\t<\/div>\n\t\t\t\t\t\t\t<\/div>\n\t\t<\/section>\n\t\t\t\t<section class=\"elementor-section elementor-inner-section elementor-element elementor-element-707c697a elementor-section-boxed elementor-section-height-default elementor-section-height-default\" data-id=\"707c697a\" data-element_type=\"section\" data-settings=\"{&quot;background_background&quot;:&quot;classic&quot;}\">\n\t\t\t\t\t\t<div class=\"elementor-container elementor-column-gap-default\">\n\t\t\t\t\t<div class=\"elementor-column elementor-col-33 elementor-inner-column elementor-element elementor-element-395d91e8\" data-id=\"395d91e8\" data-element_type=\"column\">\n\t\t\t<div class=\"elementor-widget-wrap elementor-element-populated\">\n\t\t\t\t\t\t\t\t<div class=\"elementor-element elementor-element-7256cec4 elementor-invisible elementor-widget elementor-widget-heading\" data-id=\"7256cec4\" data-element_type=\"widget\" data-settings=\"{&quot;_animation&quot;:&quot;fadeIn&quot;}\" data-widget_type=\"heading.default\">\n\t\t\t\t<div class=\"elementor-widget-container\">\n\t\t\t<h2 class=\"elementor-heading-title elementor-size-default\">\u00d6ffnungszeiten<\/h2>\t\t<\/div>\n\t\t\t\t<\/div>\n\t\t\t\t<div class=\"elementor-element elementor-element-3ed406bd elementor-invisible elementor-widget elementor-widget-text-editor\" data-id=\"3ed406bd\" data-element_type=\"widget\" data-settings=\"{&quot;_animation&quot;:&quot;fadeInDown&quot;,&quot;_animation_delay&quot;:300}\" data-widget_type=\"text-editor.default\">\n\t\t\t\t<div class=\"elementor-widget-container\">\n\t\t\t\t\t\t\t<p><strong>Montag \u2013 Samstag<\/strong><br \/>09:00 \u2013 21:00<\/p>\t\t\t\t\t\t<\/div>\n\t\t\t\t<\/div>\n\t\t\t\t<div class=\"elementor-element elementor-element-e1f524b elementor-invisible elementor-widget elementor-widget-text-editor\" data-id=\"e1f524b\" data-element_type=\"widget\" data-settings=\"{&quot;_animation&quot;:&quot;fadeInDown&quot;,&quot;_animation_delay&quot;:500}\" data-widget_type=\"text-editor.default\">\n\t\t\t\t<div class=\"elementor-widget-container\">\n\t\t\t\t\t\t\t<p><strong>Sonntag Ruhetag<br \/><\/strong><\/p>\t\t\t\t\t\t<\/div>\n\t\t\t\t<\/div>\n\t\t\t\t\t<\/div>\n\t\t<\/div>\n\t\t\t\t<div class=\"elementor-column elementor-col-33 elementor-inner-column elementor-element elementor-element-67229733\" data-id=\"67229733\" data-element_type=\"column\">\n\t\t\t<div class=\"elementor-widget-wrap elementor-element-populated\">\n\t\t\t\t\t\t\t\t<div class=\"elementor-element elementor-element-609f7a0b elementor-invisible elementor-widget elementor-widget-heading\" data-id=\"609f7a0b\" data-element_type=\"widget\" data-settings=\"{&quot;_animation&quot;:&quot;fadeIn&quot;}\" data-widget_type=\"heading.default\">\n\t\t\t\t<div class=\"elementor-widget-container\">\n\t\t\t<h2 class=\"elementor-heading-title elementor-size-default\">Unsere Adresse<\/h2>\t\t<\/div>\n\t\t\t\t<\/div>\n\t\t\t\t<div class=\"elementor-element elementor-element-318877f3 elementor-invisible elementor-widget elementor-widget-text-editor\" data-id=\"318877f3\" data-element_type=\"widget\" data-settings=\"{&quot;_animation&quot;:&quot;fadeInDown&quot;,&quot;_animation_delay&quot;:300}\" data-widget_type=\"text-editor.default\">\n\t\t\t\t<div class=\"elementor-widget-container\">\n\t\t\t\t\t\t\t<p>Wallensteinstra\u00dfe 48<br \/>1200 Wien<\/p>\t\t\t\t\t\t<\/div>\n\t\t\t\t<\/div>\n\t\t\t\t<div class=\"elementor-element elementor-element-34a8fe9 elementor-invisible elementor-widget elementor-widget-text-editor\" data-id=\"34a8fe9\" data-element_type=\"widget\" data-settings=\"{&quot;_animation&quot;:&quot;fadeInDown&quot;,&quot;_animation_delay&quot;:500}\" data-widget_type=\"text-editor.default\">\n\t\t\t\t<div class=\"elementor-widget-container\">\n\t\t\t\t\t\t\t<p><strong>Telefon<\/strong><\/p>\t\t\t\t\t\t<\/div>\n\t\t\t\t<\/div>\n\t\t\t\t<div class=\"elementor-element elementor-element-15fb3e2b elementor-invisible elementor-widget elementor-widget-text-editor\" data-id=\"15fb3e2b\" data-element_type=\"widget\" data-settings=\"{&quot;_animation&quot;:&quot;fadeInDown&quot;,&quot;_animation_delay&quot;:550}\" data-widget_type=\"text-editor.default\">\n\t\t\t\t<div class=\"elementor-widget-container\">\n\t\t\t\t\t\t\t<p><a href=\"tel:004313304217\"><strong>01 330 42 17<\/strong><\/a><\/p>\t\t\t\t\t\t<\/div>\n\t\t\t\t<\/div>\n\t\t\t\t<div class=\"elementor-element elementor-element-61543cfd elementor-invisible elementor-widget elementor-widget-text-editor\" data-id=\"61543cfd\" data-element_type=\"widget\" data-settings=\"{&quot;_animation&quot;:&quot;fadeInDown&quot;,&quot;_animation_delay&quot;:700}\" data-widget_type=\"text-editor.default\">\n\t\t\t\t<div class=\"elementor-widget-container\">\n\t\t\t\t\t\t\t<p><strong>Email<\/strong><\/p>\t\t\t\t\t\t<\/div>\n\t\t\t\t<\/div>\n\t\t\t\t<div class=\"elementor-element elementor-element-73a8e125 elementor-invisible elementor-widget elementor-widget-text-editor\" data-id=\"73a8e125\" data-element_type=\"widget\" data-settings=\"{&quot;_animation&quot;:&quot;fadeInDown&quot;,&quot;_animation_delay&quot;:750}\" data-widget_type=\"text-editor.default\">\n\t\t\t\t<div class=\"elementor-widget-container\">\n\t\t\t\t\t\t\t<p><a href=\"mailto:info@dasgoexl.at\"><strong>info@dasgoexl.at<\/strong><\/a><\/p>\t\t\t\t\t\t<\/div>\n\t\t\t\t<\/div>\n\t\t\t\t\t<\/div>\n\t\t<\/div>\n\t\t\t\t<div class=\"elementor-column elementor-col-33 elementor-inner-column elementor-element elementor-element-ed527ec\" data-id=\"ed527ec\" data-element_type=\"column\">\n\t\t\t<div class=\"elementor-widget-wrap\">\n\t\t\t\t\t\t\t\t\t<\/div>\n\t\t<\/div>\n\t\t\t\t\t\t\t<\/div>\n\t\t<\/section>\n\t\t\t\t\t\t\t<\/div>\n\t\t","protected":false},"excerpt":{"rendered":"<p>Kontakt Haben Sie ein Anliegen oder eine Frage? Wir nehmen uns gerne Zeit f\u00fcr Sie! Du erreichst uns telefonisch unterTEL: +43 1 330 42 17 \u00d6ffnungszeiten Montag \u2013 Samstag09:00 \u2013 21:00 Sonntag Ruhetag Unsere Adresse Wallensteinstra\u00dfe 481200 Wien Telefon 01 330 42 17 Email info@dasgoexl.at<\/p>\n","protected":false},"author":1,"featured_media":0,"parent":0,"menu_order":0,"comment_status":"closed","ping_status":"closed","template":"elementor_header_footer","meta":{"footnotes":""},"class_list":["post-400","page","type-page","status-publish","hentry","entry"],"yoast_head":"<!-- This site is optimized with the Yoast SEO plugin v21.7 - https:\/\/yoast.com\/wordpress\/plugins\/seo\/ -->\n<title>Kontakt - Das G\u00f6xl<\/title>\n<meta name=\"robots\" content=\"index, follow, max-snippet:-1, max-image-preview:large, max-video-preview:-1\" \/>\n<link rel=\"canonical\" href=\"https:\/\/www.dasgoexl.at\/index.php\/kontakt\/\" \/>\n<meta property=\"og:locale\" content=\"de_DE\" \/>\n<meta property=\"og:type\" content=\"article\" \/>\n<meta property=\"og:title\" content=\"Kontakt - Das G\u00f6xl\" \/>\n<meta property=\"og:description\" content=\"Kontakt Haben Sie ein Anliegen oder eine Frage? Wir nehmen uns gerne Zeit f\u00fcr Sie! Du erreichst uns telefonisch unterTEL: +43 1 330 42 17 \u00d6ffnungszeiten Montag \u2013 Samstag09:00 \u2013 21:00 Sonntag Ruhetag Unsere Adresse Wallensteinstra\u00dfe 481200 Wien Telefon 01 330 42 17 Email info@dasgoexl.at\" \/>\n<meta property=\"og:url\" content=\"https:\/\/www.dasgoexl.at\/index.php\/kontakt\/\" \/>\n<meta property=\"og:site_name\" content=\"Das G\u00f6xl\" \/>\n<meta property=\"article:modified_time\" content=\"2022-11-21T18:54:39+00:00\" \/>\n<meta property=\"og:image\" content=\"https:\/\/www.dasgoexl.at\/wp-content\/uploads\/2021\/07\/dasGoexl-Innenansicht.jpg\" \/>\n<meta name=\"twitter:card\" content=\"summary_large_image\" \/>\n<meta name=\"twitter:label1\" content=\"Gesch\u00e4tzte Lesezeit\" \/>\n\t<meta name=\"twitter:data1\" content=\"1\u00a0Minute\" \/>\n<script type=\"application\/ld+json\" class=\"yoast-schema-graph\">{\"@context\":\"https:\/\/schema.org\",\"@graph\":[{\"@type\":\"WebPage\",\"@id\":\"https:\/\/www.dasgoexl.at\/index.php\/kontakt\/\",\"url\":\"https:\/\/www.dasgoexl.at\/index.php\/kontakt\/\",\"name\":\"Kontakt - Das G\u00f6xl\",\"isPartOf\":{\"@id\":\"https:\/\/www.dasgoexl.at\/#website\"},\"datePublished\":\"2021-07-12T13:14:07+00:00\",\"dateModified\":\"2022-11-21T18:54:39+00:00\",\"breadcrumb\":{\"@id\":\"https:\/\/www.dasgoexl.at\/index.php\/kontakt\/#breadcrumb\"},\"inLanguage\":\"de\",\"potentialAction\":[{\"@type\":\"ReadAction\",\"target\":[\"https:\/\/www.dasgoexl.at\/index.php\/kontakt\/\"]}]},{\"@type\":\"BreadcrumbList\",\"@id\":\"https:\/\/www.dasgoexl.at\/index.php\/kontakt\/#breadcrumb\",\"itemListElement\":[{\"@type\":\"ListItem\",\"position\":1,\"name\":\"Startseite\",\"item\":\"https:\/\/www.dasgoexl.at\/\"},{\"@type\":\"ListItem\",\"position\":2,\"name\":\"Kontakt\"}]},{\"@type\":\"WebSite\",\"@id\":\"https:\/\/www.dasgoexl.at\/#website\",\"url\":\"https:\/\/www.dasgoexl.at\/\",\"name\":\"Das G\u00f6xl\",\"description\":\"Schnitzelmanufaktur\",\"publisher\":{\"@id\":\"https:\/\/www.dasgoexl.at\/#organization\"},\"potentialAction\":[{\"@type\":\"SearchAction\",\"target\":{\"@type\":\"EntryPoint\",\"urlTemplate\":\"https:\/\/www.dasgoexl.at\/?s={search_term_string}\"},\"query-input\":\"required name=search_term_string\"}],\"inLanguage\":\"de\"},{\"@type\":\"Organization\",\"@id\":\"https:\/\/www.dasgoexl.at\/#organization\",\"name\":\"Das G\u00f6xl\",\"url\":\"https:\/\/www.dasgoexl.at\/\",\"logo\":{\"@type\":\"ImageObject\",\"inLanguage\":\"de\",\"@id\":\"https:\/\/www.dasgoexl.at\/#\/schema\/logo\/image\/\",\"url\":\"https:\/\/www.dasgoexl.at\/wp-content\/uploads\/2021\/06\/Logo-neu-1.png\",\"contentUrl\":\"https:\/\/www.dasgoexl.at\/wp-content\/uploads\/2021\/06\/Logo-neu-1.png\",\"width\":800,\"height\":400,\"caption\":\"Das G\u00f6xl\"},\"image\":{\"@id\":\"https:\/\/www.dasgoexl.at\/#\/schema\/logo\/image\/\"}}]}<\/script>\n<!-- \/ Yoast SEO plugin. -->","yoast_head_json":{"title":"Kontakt - Das G\u00f6xl","robots":{"index":"index","follow":"follow","max-snippet":"max-snippet:-1","max-image-preview":"max-image-preview:large","max-video-preview":"max-video-preview:-1"},"canonical":"https:\/\/www.dasgoexl.at\/index.php\/kontakt\/","og_locale":"de_DE","og_type":"article","og_title":"Kontakt - Das G\u00f6xl","og_description":"Kontakt Haben Sie ein Anliegen oder eine Frage? Wir nehmen uns gerne Zeit f\u00fcr Sie! Du erreichst uns telefonisch unterTEL: +43 1 330 42 17 \u00d6ffnungszeiten Montag \u2013 Samstag09:00 \u2013 21:00 Sonntag Ruhetag Unsere Adresse Wallensteinstra\u00dfe 481200 Wien Telefon 01 330 42 17 Email info@dasgoexl.at","og_url":"https:\/\/www.dasgoexl.at\/index.php\/kontakt\/","og_site_name":"Das G\u00f6xl","article_modified_time":"2022-11-21T18:54:39+00:00","og_image":[{"url":"https:\/\/www.dasgoexl.at\/wp-content\/uploads\/2021\/07\/dasGoexl-Innenansicht.jpg"}],"twitter_card":"summary_large_image","twitter_misc":{"Gesch\u00e4tzte Lesezeit":"1\u00a0Minute"},"schema":{"@context":"https:\/\/schema.org","@graph":[{"@type":"WebPage","@id":"https:\/\/www.dasgoexl.at\/index.php\/kontakt\/","url":"https:\/\/www.dasgoexl.at\/index.php\/kontakt\/","name":"Kontakt - Das G\u00f6xl","isPartOf":{"@id":"https:\/\/www.dasgoexl.at\/#website"},"datePublished":"2021-07-12T13:14:07+00:00","dateModified":"2022-11-21T18:54:39+00:00","breadcrumb":{"@id":"https:\/\/www.dasgoexl.at\/index.php\/kontakt\/#breadcrumb"},"inLanguage":"de","potentialAction":[{"@type":"ReadAction","target":["https:\/\/www.dasgoexl.at\/index.php\/kontakt\/"]}]},{"@type":"BreadcrumbList","@id":"https:\/\/www.dasgoexl.at\/index.php\/kontakt\/#breadcrumb","itemListElement":[{"@type":"ListItem","position":1,"name":"Startseite","item":"https:\/\/www.dasgoexl.at\/"},{"@type":"ListItem","position":2,"name":"Kontakt"}]},{"@type":"WebSite","@id":"https:\/\/www.dasgoexl.at\/#website","url":"https:\/\/www.dasgoexl.at\/","name":"Das G\u00f6xl","description":"Schnitzelmanufaktur","publisher":{"@id":"https:\/\/www.dasgoexl.at\/#organization"},"potentialAction":[{"@type":"SearchAction","target":{"@type":"EntryPoint","urlTemplate":"https:\/\/www.dasgoexl.at\/?s={search_term_string}"},"query-input":"required name=search_term_string"}],"inLanguage":"de"},{"@type":"Organization","@id":"https:\/\/www.dasgoexl.at\/#organization","name":"Das G\u00f6xl","url":"https:\/\/www.dasgoexl.at\/","logo":{"@type":"ImageObject","inLanguage":"de","@id":"https:\/\/www.dasgoexl.at\/#\/schema\/logo\/image\/","url":"https:\/\/www.dasgoexl.at\/wp-content\/uploads\/2021\/06\/Logo-neu-1.png","contentUrl":"https:\/\/www.dasgoexl.at\/wp-content\/uploads\/2021\/06\/Logo-neu-1.png","width":800,"height":400,"caption":"Das G\u00f6xl"},"image":{"@id":"https:\/\/www.dasgoexl.at\/#\/schema\/logo\/image\/"}}]}},"_links":{"self":[{"href":"https:\/\/www.dasgoexl.at\/index.php\/wp-json\/wp\/v2\/pages\/400","targetHints":{"allow":["GET"]}}],"collection":[{"href":"https:\/\/www.dasgoexl.at\/index.php\/wp-json\/wp\/v2\/pages"}],"about":[{"href":"https:\/\/www.dasgoexl.at\/index.php\/wp-json\/wp\/v2\/types\/page"}],"author":[{"embeddable":true,"href":"https:\/\/www.dasgoexl.at\/index.php\/wp-json\/wp\/v2\/users\/1"}],"replies":[{"embeddable":true,"href":"https:\/\/www.dasgoexl.at\/index.php\/wp-json\/wp\/v2\/comments?post=400"}],"version-history":[{"count":0,"href":"https:\/\/www.dasgoexl.at\/index.php\/wp-json\/wp\/v2\/pages\/400\/revisions"}],"wp:attachment":[{"href":"https:\/\/www.dasgoexl.at\/index.php\/wp-json\/wp\/v2\/media?parent=400"}],"curies":[{"name":"wp","href":"https:\/\/api.w.org\/{rel}","templated":true}]}}